	{"id":10,"date":"2020-10-22T09:59:17","date_gmt":"2020-10-22T07:59:17","guid":{"rendered":"http:\/\/tabernacasavalles.com\/index.php\/home\/"},"modified":"2023-04-04T18:47:10","modified_gmt":"2023-04-04T16:47:10","slug":"home","status":"publish","type":"page","link":"http:\/\/tabernacasavalles.com\/","title":{"rendered":"Inicio"},"content":{"rendered":"\n<div class=\"wp-block-group alignfull has-white-background-color has-background\"><div class=\"wp-block-group__inner-container is-layout-flow wp-block-group-is-layout-flow\">\n<figure class=\"wp-block-image size-large is-style-default\"><img loading=\"lazy\" decoding=\"async\" width=\"1024\" height=\"768\" src=\"http:\/\/tabernacasavalles.com\/wp-content\/uploads\/2021\/07\/IMG20210720091239-1024x768.jpg\" alt=\"\" class=\"wp-image-1124\" srcset=\"http:\/\/tabernacasavalles.com\/wp-content\/uploads\/2021\/07\/IMG20210720091239-1024x768.jpg 1024w, http:\/\/tabernacasavalles.com\/wp-content\/uploads\/2021\/07\/IMG20210720091239-300x225.jpg 300w, http:\/\/tabernacasavalles.com\/wp-content\/uploads\/2021\/07\/IMG20210720091239-768x576.jpg 768w, http:\/\/tabernacasavalles.com\/wp-content\/uploads\/2021\/07\/IMG20210720091239-1536x1152.jpg 1536w, http:\/\/tabernacasavalles.com\/wp-content\/uploads\/2021\/07\/IMG20210720091239-2048x1536.jpg 2048w\" sizes=\"auto, (max-width: 1024px) 100vw, 1024px\" \/><\/figure>\n\n\n\n<div class=\"wp-block-columns are-vertically-aligned-center is-layout-flex wp-container-core-columns-is-layout-9d6595d7 wp-block-columns-is-layout-flex\">\n<div class=\"wp-block-column is-vertically-aligned-center is-layout-flow wp-block-column-is-layout-flow\" style=\"flex-basis:40%\">\n<h6 class=\"wp-block-heading\">Gastrotaberna<\/h6>\n\n\n\n<h2 class=\"wp-block-heading\">Taberna Casa Vall\u00e9s<\/h2>\n\n\n\n<p><\/p>\n<\/div>\n\n\n\n<div class=\"wp-block-column is-vertically-aligned-center is-layout-flow wp-block-column-is-layout-flow\" style=\"flex-basis:35%\">\n<p>Os esperamos en Taberna Gastron\u00f3mica Casa Vall\u00e9s, un nuevo concepto de tapas y pinchos del Pirineo.<\/p>\n<\/div>\n\n\n\n<div class=\"wp-block-column is-vertically-aligned-center is-layout-flow wp-block-column-is-layout-flow\" style=\"flex-basis:25%\">\n<div class=\"wp-block-buttons is-horizontal is-content-justification-right is-layout-flex wp-container-core-buttons-is-layout-ae2fe186 wp-block-buttons-is-layout-flex\">\n<div class=\"wp-block-button is-style-fill\"><a class=\"wp-block-button__link wp-element-button\" href=\"http:\/\/tabernacasavalles.com\/index.php\/carta\/\">Nuestra Carta<\/a><\/div>\n<\/div>\n<\/div>\n<\/div>\n<\/div><\/div>\n\n\n\n<div class=\"wp-block-group alignfull has-white-background-color has-background\"><div class=\"wp-block-group__inner-container is-layout-flow wp-block-group-is-layout-flow\">\n<p><\/p>\n<\/div><\/div>\n\n\n\n<p><\/p>\n","protected":false},"excerpt":{"rendered":"<p>Gastrotaberna Taberna Casa Vall\u00e9s Os esperamos en Taberna Gastron\u00f3mica Casa Vall\u00e9s, un nuevo concepto de tapas y pinchos del Pirineo.<\/p>\n","protected":false},"author":1,"featured_media":0,"parent":0,"menu_order":0,"comment_status":"closed","ping_status":"closed","template":"","meta":{"om_disable_all_campaigns":false,"_monsterinsights_skip_tracking":false,"_monsterinsights_sitenote_active":false,"_monsterinsights_sitenote_note":"","_monsterinsights_sitenote_category":0,"spay_email":"","footnotes":""},"class_list":["post-10","page","type-page","status-publish","hentry"],"_links":{"self":[{"href":"http:\/\/tabernacasavalles.com\/index.php\/wp-json\/wp\/v2\/pages\/10","targetHints":{"allow":["GET"]}}],"collection":[{"href":"http:\/\/tabernacasavalles.com\/index.php\/wp-json\/wp\/v2\/pages"}],"about":[{"href":"http:\/\/tabernacasavalles.com\/index.php\/wp-json\/wp\/v2\/types\/page"}],"author":[{"embeddable":true,"href":"http:\/\/tabernacasavalles.com\/index.php\/wp-json\/wp\/v2\/users\/1"}],"replies":[{"embeddable":true,"href":"http:\/\/tabernacasavalles.com\/index.php\/wp-json\/wp\/v2\/comments?post=10"}],"version-history":[{"count":12,"href":"http:\/\/tabernacasavalles.com\/index.php\/wp-json\/wp\/v2\/pages\/10\/revisions"}],"predecessor-version":[{"id":1458,"href":"http:\/\/tabernacasavalles.com\/index.php\/wp-json\/wp\/v2\/pages\/10\/revisions\/1458"}],"wp:attachment":[{"href":"http:\/\/tabernacasavalles.com\/index.php\/wp-json\/wp\/v2\/media?parent=10"}],"curies":[{"name":"wp","href":"https:\/\/api.w.org\/{rel}","templated":true}]}}